1514, -b*d + 1518 = -2*d - 2*i. Is d a composite number?
False
Let w be 3 + 205/(-65) - (-38989)/13. Suppose -2398 - w = -3*g. Is g composite?
True
Let v = -57 - -61. Suppose 3*g + v*q + 101 = 0, -g + 0*g - 2 = -5*q. Let b(s) = -9*s - 32. Is b(g) prime?
True
Let s(t) = t**2 - 10*t + 2. Let n(h) = 3*h**2 - 30*h + 7. Let m(v) = -3*n(v) + 8*s(v). Let w be m(9). Is (1 - -4)/(w - (-172)/(-44)) composite?
True
Suppose -2*m + 58777 = -4199. Suppose 4*n = -3004 + m. Is n a prime number?
True
Let r = -1478915 - -2360748. Is r composite?
False
Let d(w) = w**3 - 10*w**2 - 20*w - 16. Let x be d(12). Let c be (-80)/x*(-4)/5. Suppose -3*s + c*s - 5*a = -562, 0 = -5*s + 2*a + 2675. Is s prime?
False
Let h be ((-1029)/(-21))/((-1)/(-7)). Let g = 161 + h. Suppose g = x - 110. Is x prime?
False
Suppose -22*u + 109100 = -26970. Let n = -4366 + u. Is n a prime number?
False
Let j = 86388 - -4841. Is j composite?
False
Let b = -12 - -21. Suppose 0*y = b*y - 81. Is 308/6 + (-3)/y composite?
True
Suppose 5*k + 15920 = -2*w, -3*w = 32*k - 27*k + 15915. Suppose -2*z - 2*g + 6668 = -2704, z + 3*g - 4688 = 0. Let t = k + z. Is t a composite number?
False
Let m(s) = s**2 + 5*s + 20. Let p be m(-6). Let w = 15 + p. Suppose -w = -o - 5*u, o + 4*u - 10 = 29. Is o composite?
False
Let o(a) = 893*a**2 + 17*a + 6. Let g be o(-6). Let y = 45375 - g. Is y a composite number?
True
Let w = 53739 + -37556. Is w prime?
True
Let h(p) = 20*p + 667. Let j be h(23). Let t = 102 + -730. Let f = j + t. Is f composite?
False
Suppose -572637 = 9*u - 1162409 - 996685. Is u a composite number?
True
Let z = -16 - -18. Let w be (1 - 3) + z + 30. Is 10/w + 664/6 a composite number?
True
Suppose -2*a = 6, -a + 3393 - 20274 = -6*c. Is c prime?
False
Let s(k) = -k**3 - 8*k**2 + 14*k - 3. Let l be s(-11). Let y = -139 + l. Suppose -5*j - y = -6*j. Is j composite?
False
Let i be -32 - -2 - (-5)/(-1). Let j = i - -39. Suppose -2*z = -j*g + z + 16202, -g + 3*z = -4055. Is g a prime number?
True
Let t be 9 + (-3511602)/(-30) + 3/5. Suppose t = -12*k + 673995. Is k prime?
True
Suppose 0 = -4*b - 3*v - 40, -3*v = 18 - 6. Let r be (-2 - (b - -4))*3. Suppose -7*u + 3628 = -r*u. Is u a prime number?
True
Let u(a) = a**2 + 14*a + 5. Let r(w) = w**3 - 11*w**2 + 10*w - 16. Let c be r(10). Is u(c) a composite number?
False
Let x = 122 - 102. Let r(p) = 2*p**2 + 18*p + 17. Is r(x) composite?
True
Suppose 4*w = 5*z - 0*z + 85, 2*w = 5*z + 45. Let t = w - 14. Is -662*((-27)/t)/9 composite?
False
Let c = 15236 - 10185. Is c composite?
False
Let x be ((-184)/8 + 6)*1. Let c(w) = 10*w**2 + 3*w - 30. Is c(x) composite?
True
Suppose 0 = 5*l + 4*x - 104, -l - 8*x + 3*x = -4. Suppose -4*i + l = -0*i. Let r(n) = 91*n + 41. Is r(i) a composite number?
False
Suppose 2*c + 0*c = -4. Is 40/(-60) + 611*c/(-6) prime?
False
Suppose -25 = 4*o - 269. Let i = -59 + o. Suppose i*w - 721 = 397. Is w prime?
False
Let c = 2 - -1. Suppose -u - c*z - 3245 = -2*u, -z - 12991 = -4*u. Suppose 0 = -6*p + u + 6658. Is p a prime number?
False
Suppose -2569 = -6*p + 3917. Let h = p + -603. Is h a composite number?
True
Suppose w - 7227 - 11619 = -4*b, -3*b = 2*w - 14137. Is b composite?
True
Suppose 0 = -s - 5*y + 2 + 3, -3*s - 4*y = -4. Let b be s/2*5/10. Suppose 3*n - 5*u - 2054 = b, 108 = -4*n + 2*u + 2842. Is n a composite number?
False
Suppose -542*z + 402757635 = -757019927. Is z composite?
False
Let n(f) be the second derivative of f**5/20 - 23*f**4/12 - 4*f**3/3 - 5*f**2/2 - 196*f. Is n(24) a prime number?
True
Suppose 2*a = p - 2*p - 6, -2*p = -a - 13. Suppose -p*i = 2*f - 2732, 418 = -i - 5*f + 1110. Suppose 2*l + 0*l = i. Is l prime?
False
Is 4041635/(-26)*(-4)/10 a prime number?
False
Suppose -26666*d + 26706*d = 17937320. Is d prime?
False
Let t = -34324 + 164015. Is t prime?
False
Let s(t) = 46*t**2 - 34*t + 191. Is s(73) prime?
False
Let l(a) = -a**3 - 13*a**2 - 16*a - 52. Let x be l(-12). Is 384 - ((-4)/(-8))/((-1)/x) prime?
False
Suppose -3*f + 13*f - 72430 = -0*f. Is f prime?
True
Let f = 7530 - 16545. Let m = -3788 - f. Is m prime?
True
Let c = -10 - -12. Let z(a) = -a**2 - 37*a + 123. Let t be z(-40). Suppose -3*l - t*b - c*b + 1457 = 0, 3*l - 1475 = 4*b. Is l prime?
False
Let v = 12564 - 8392. Let d = v - 765. Is d prime?
True
Let o = -235522 + 383769. Is o composite?
True
Let f(n) = 3*n**3 + 5*n**2 + 96*n - 1. Let o(d) = 4*d**3 + 8*d**2 + 95*d - 2. Let a(r) = -7*f(r) + 6*o(r). Is a(9) a prime number?
False
Suppose 11*z = -18 + 51. Suppose 0 = -3*b + 3*g - 15, 5*b - g = -6*g - 55. Is (79/z)/(b/(-696)) prime?
False
Suppose 0 = -3*o + 35 + 4. Suppose o*i = -5*c + 12*i + 5367, i + 4290 = 4*c. Is c composite?
True
Suppose 0 = -g + 3*w + 46029 + 72100, 354331 = 3*g + 5*w. Is g a prime number?
False
Let w(z) = -z + 16. Let x be w(0). Suppose -2*y + 2 = 2*f, x = y + f - 5*f. Suppose -3*n + 5*t + 4141 = -2537, -y*t = 3*n - 6651. Is n composite?
False
Let l be (822 + 25)/((-2)/(-44)). Suppose -l = -5*j + 7231. Is j prime?
False
Let x(o) = 3*o**3. Let u be x(1). Let z be 3144/36*u*4. Let c = 2213 - z. Is c a composite number?
True
Suppose 24569*z - 24573*z + 4509124 = 0. Is z composite?
False
Let n(q) = 1475*q - 22. Let a be n(22). Let d = 56597 - a. Is d composite?
False
Let q = -10424 + 10861. Is q composite?
True
Suppose 16 = 3*s + 1. Let b(v) = -161*v**3 + 21*v**2 - s*v**2 + 160*v**3 + 20*v - 25. Is b(16) composite?
True
Let l(y) = -70*y + 3. Let p(b) = 3*b + 1. Let f(j) = -l(j) - 2*p(j). Is f(6) prime?
True
Let r = 1387428 - 778609. Is r prime?
True
Let n be ((-8)/(-16))/((-2)/(-24)). Let a be n/45 - (-34)/(-30). Is 119 - ((-1)/1 - a) a composite number?
True
Suppose 3*a - 39 = -3*q, -5*a + 4 = -7*a. Let x(p) be the second derivative of p**4/12 + 2*p**3/3 + 11*p**2 + 7*p. Is x(q) a prime number?
True
Let q(b) = 435*b**2 - 12*b - 100. Is q(-11) composite?
False
Let s(u) = u**3 - 3*u**2 + u + 12. Suppose -d + 17 - 5 = 0. Suppose d = 2*g - 2. Is s(g) a composite number?
True
Suppose -s = 3*k - 0*k - 6, -2*k + 4*s = -4. Suppose k*w = 2617 + 1469. Suppose -b - w = -4*b. Is b prime?
False
Let x = 103 + -158. Let q be 11/(x/(-25) - 2). Is 10/q + (-96466)/(-22) a prime number?
False
Suppose -12 = -5*x - 3*m, 3*x + 2*x = m + 16. Suppose -x*o + 15492 - 34 = i, -o = 3*i - 5150. Is o prime?
True
Let q be (-2 - (-28)/(-6))*(-141)/188. Suppose 5*g = c + 11187, -5*g + q*c + 0*c + 11195 = 0. Is g composite?
False
Suppose a - 3*h - 93 = -0*h, -425 = -5*a + 5*h. Suppose a*f - 7388 = 77*f. Is f a composite number?
False
Let s(r) = -r**2 + 2*r + 221. Suppose 0 = -5*q + 20, -2*q - 34 - 153 = -5*p. Let w = 39 - p. Is s(w) composite?
True
Let c be 5/1*-8*(-18)/(-5). Let i = c + -49. Is 14*5/((-10)/i) a composite number?
True
Let b(d) = -69*d - 8 + 2 + 72*d. Is b(9) prime?
False
Suppose 0 = i - 2*d - 11, -3*i + 5*d + 28 + 2 = 0. Suppose 3*g + 39481 = i*z, 10*z - 11*z + 7885 = 5*g. Is z a composite number?
True
Let t(y) = y**2 - 2*y - 6. Let m be t(3). Let n(a) = -5*a - 10. Let s be n(m). Suppose -1598 = -s*u - 333. Is u a composite number?
True
Let l(u) be the third derivative of -1/6*u**4 + 0 + 16*u**2 - 1/2*u**3 - 1/3*u**5 + 0*u - 1/60*u**6. Is l(-17) composite?
False
Let d = 108 - 105. Suppose -m = -4*s + 13987 - 4123, 4922 = 2*s - d*m. Is s composite?
False
Let s(j) = 146*j**2 - 6*j + 1. Let o be s(7). Let p = -4956 + o. Is p a prime number?
False
Let i(l) = 5*l + 162. Let x be (-4 - -1)/(3/(-19)) + 1. Is i(x) prime?
False
Suppose 0 = -3*b + 13 + 29. Let p be (2*156/b)/(9/63). Let y = -59 + p. Is y a prime number?
True
Let x be 3/2 + (-24)/(-16). Suppose x*p = 5*u + 5, 5*p = -0*u - 2*u - 33. Is (-2217)/p + 6/(-15) composite?
False
Let u(h) = 13*h**3 + 3*h**2 + 9*h - 15. Let c be u(8). Suppose -21264 - c = -17*k. Is k composite?
False
Let s be ((-3)/9)/((-1)/141). Let t = 634 + -632. Is s + t/(1 - 3) composite?
True
Let v = -31491 - -5936. Is 39/26 + v/(-10) prime?
True
Suppose -4*z = 4*u - 708704, -5*z + 2*u + 531538 = -2*z. Is z a composite number?
True
Suppose 71*u + 36*u = 5648209. Is u a prime number?
False
Let y(l) be the second derivative of 13*l**4/6 + 7*l**3/3 - 53*l**2/2 - 15*l. Is y(9) prime?
True
Suppose -20 = -5*q - 0*q - z, -5*q + z + 10 = 0. Suppose 0 = -4*y - 46 + 1718. Suppose y + 8027 = q*i. Is i composite?
True
Let g = -581 - 